What is the units digit of p(7)?
7
Suppose -21*t = -3*t - 26748. What is the hundreds digit of t?
4
Suppose 3*u - 5*t = -8, 4*t - 11 = 2*u - 3. Suppose -2*m - 34 = -3*n, 0 = -u*n + 3*m - 21 + 67. What is the tens digit of n?
1
Suppose -f = -8 - 27. What is the tens digit of f?
3
Suppose 161 + 84 = -5*k. Let r = -123 + k. What is the tens digit of r/(-4) - (-6)/(-2)?
4
Let k(m) = -m. Let r(h) = -7*h + 5. Let z(q) = -5*k(q) + r(q). What is the tens digit of z(-13)?
3
Let c(r) = -r**2 - 9*r - 10. Let i be c(-5). Suppose -3*u - 4 = u + 2*g, -g + i = -4*u. What is the tens digit of u/(-9) + 3303/81?
4
Suppose 11*g - 5*g - 2190 = 0. What is the hundreds digit of g?
3
Let q(v) = -v**2 - 4*v - 5. Let t be q(-2). Let j = t - -25. What is the tens digit of j?
2
Suppose 0 = -2*k - 0*k + 2*j - 28, -3*k - 38 = -2*j. Suppose 8*i + 63 = -0*h - 5*h, 5*h = 5*i + 15. What is the units digit of (-125)/k*i/(-3)?
5
Suppose 0 = -f - 4*a, -3*f - 2*f = -5*a. Suppose z - 6 = -f*z. What is the units digit of 532/21 - (-4)/z?
6
Let a(t) = t**2 + 31*t + 71. What is the units digit of a(-29)?
3
Suppose -2*u - 68 = 2*g - 252, 2*u - g = 178. Suppose -720 = -3*m + 2*h - u, 0 = -m - h + 215. Suppose -w + 5*w = m. What is the tens digit of w?
5
What is the units digit of -7 + ((-2)/(-3) - 99240/(-72))?
2
Suppose 2*w = 5*f - 8, 3*f + 2*w - w + 4 = 0. Suppose 5*k + 0*k - 315 = f. What is the tens digit of k?
6
Let a(y) = 12*y**2 - 4*y + 6. What is the tens digit of a(5)?
8
Let u be (-2)/(745/250 - 3). Suppose 0 = 2*h - 198 - u. What is the units digit of h?
9
Let f = 7763 + -4859. What is the hundreds digit of f?
9
Suppose 6*t - 5*t - 626 = 2*x, 5*t - 3160 = 4*x. What is the tens digit of t?
3
Let q = -77 - -72. Let f = q - -74. What is the units digit of f?
9
Suppose -2*p + 0*i = -i + 377, 0 = -p - 2*i - 201. Let t = p - -285. What is the units digit of t?
4
Let d(b) = -5*b + 22. Let a be d(5). Let k = a + 114. What is the units digit of k?
1
Suppose 2*t = -t + 2*a + 522, -a = 4*t - 696. Suppose t = 6*y + 6. What is the tens digit of y?
2
Let f be 21/(-4)*(-160)/30. What is the tens digit of (7/(f/(-24)))/((-15)/160)?
6
Let f(c) = 16*c**2 - 2*c + 1. Let a be f(1). Let i(s) = -s**3 + 15*s**2 + 4*s + 10. What is the units digit of i(a)?
0
Let c(a) be the first derivative of 15*a**2/2 + 2*a - 4. What is the units digit of c(2)?
2
Let r(m) = -2*m - 1. Suppose g + 2*a + 11 = 0, 0 = 3*g - g - 2*a + 4. What is the units digit of r(g)?
9
Suppose -5*h - 194 = 4*r, 5*h + 245 = -2*r - 3*r. Let n = 103 - r. What is the tens digit of n?
5
Let v(j) = j**2 - 3*j - 7. Let g be v(6). Suppose -14 = 65*i - 67*i. Suppose -3*p = -i - g. What is the units digit of p?
6
Let r be (-6 - -4)*6/(-4). Suppose r*s = 7 - 1. Suppose -n - 11 = -4*i, -s*n - i = -14 - 9. What is the units digit of n?
9
What is the tens digit of (-6)/4*(-31164)/126?
7
Let i(b) = 19*b**2 + 4*b + 3. Let d be i(-1). Suppose -d - 8 = -x. What is the units digit of x?
6
Let t(s) = 4*s**2 + 2*s + 1. Let b be t(-1). Suppose -b*p + 5*p = 64. Suppose 3*v = 73 + p. What is the tens digit of v?
3
Let x(g) = 12776*g - 12776*g + 49*g**2 - 4. What is the units digit of x(2)?
2
Let k = 10101 - 6639. What is the tens digit of k?
6
Let j(n) = n**3 + 5*n**2 - 5*n + 12. Let d be j(-5). Suppose d - 5 = 4*h. Suppose h = 4*z, -60 + 10 = -2*a + 5*z. What is the tens digit of a?
3
Let q(u) = -u**3 - 5*u**2 + 5*u - 6. Let r be q(-6). Suppose r = 10*t - 86 - 484. What is the tens digit of t?
5
Let l be 1*3*((-33)/(-9) - 3). Suppose 3*k - 390 = -l*k. What is the tens digit of k?
7
What is the tens digit of 406 + -1 - (-1 - 19)/5?
0
Suppose 0 = 4*m + 2 + 2. Let k be (6 - 2)*m/(-2). Suppose -15 = -k*p - p. What is the units digit of p?
5
Suppose -2*i = -4*x + 5*x - 373, -i = -x - 191. What is the units digit of i?
8
Let r = 291 - 79. What is the units digit of r?
2
Let u(z) = -3 - 2 - 5 - 4*z. Let m = 16 - 26. What is the units digit of u(m)?
0
Let t(u) = 33*u**2 + 5*u + 13. What is the tens digit of t(8)?
6
Let j = -37 - -12. Let i = -10 - j. What is the units digit of i/(-2)*(-4)/5?
6
Suppose -3*p + 10 = -2. Suppose 5*j + 3*s - 21 = 0, -4*s + 6 = 2*j - 8. Suppose 0*h + h - 96 = -4*i, j*i - p*h = 72. What is the tens digit of i?
2
Let y = -20 + 17. What is the units digit of ((162/(-24))/(-1))/(y/(-16))?
6
Let f(c) = 2272*c**2 - 69*c + 69. What is the units digit of f(1)?
2
Suppose 3*b + 58 = -4*w + 1999, 2*b - 1274 = 4*w. Let v = 912 - b. What is the tens digit of v?
6
Suppose -3*x = v - 1050, -232 + 3452 = 3*v - 5*x. What is the thousands digit of v?
1
Let x be (-1)/2 + 9/(-2). Let i(o) = 2*o**2 + 7*o + 2. Let t be i(-5). Let n = t + x. What is the units digit of n?
2
Let o be (14/(-10))/(4/(-20)). What is the units digit of o*(80/28 - 0)?
0
What is the tens digit of 4472/3 + 56/(-84)?
9
Let m = -1 + 4. Suppose -v = m*b + 3*v - 608, 0 = -3*b + 2*v + 578. What is the tens digit of b?
9
Suppose -5*o + 3*y + 1737 = 0, o - 4*y = 172 + 172. Suppose -6*n = 6*n - o. What is the units digit of n?
9
Let j(c) = 3*c**2 + 4*c - 3. Let b be j(-5). Let k(w) = -w**3 - 4*w**2 + 20*w - 2. Let s be k(-7). Let g = b - s. What is the units digit of g?
7
What is the hundreds digit of 96/320 + 6754/20?
3
Let h = -40 + 127. Suppose 0 = -5*w + 3*c - 99, 0 = 5*w - 2*c + 3*c + h. Let r = 19 + w. What is the units digit of r?
1
Suppose -k - 1 = -3*k - p, 4*k - 3*p - 27 = 0. What is the units digit of (278 - -1)*(k - 35/15)?
6
Let z(y) = -6 - 2*y + 14*y + 3 + 1. Let v be z(1). Suppose -3*x = -3*l - 177, -10 - v = -5*l. What is the tens digit of x?
6
Let l = 10023 + -3356. What is the hundreds digit of l?
6
Let r(j) = 461*j**3 + 3*j**2 - 2. What is the hundreds digit of r(1)?
4
Suppose 3*c - 18 = 3*h, -h = 5*c + h - 9. Suppose -c*d = 5*u + 128, u = -d + 5*d - 21. What is the units digit of u*12/(-45)*6?
0
Let s be (4/3)/(4/(-6)). Let i be -2 - 0 - 66/s. Let y = -17 + i. What is the units digit of y?
4
Let h be 5 + (-805)/(-8 + 3). Let d = 306 - h. What is the tens digit of d?
4
Let i(j) = -j**3 + 3*j**2 + 4*j + 1. Let o be i(4). Suppose 86 = 3*b - o. What is the tens digit of b?
2
Suppose 5*v = -2*x + 249, v - 5*v = -3*x + 316. What is the tens digit of x?
1
Let v be (9*2)/((-17)/(-119)). Suppose 4*g - 220 + 20 = -4*k, -3*g = -3*k - v. What is the units digit of g?
6
Let b(z) = -17*z + 19. Let t(o) = o**3 - 12*o**2 - 11*o - 32. Let w be t(13). What is the tens digit of b(w)?
2
Let b = -518 - -1407. What is the units digit of b?
9
Let q = 69 - 56. Suppose 0*a = -4*a - 5*y - 6, -5*y - q = -3*a. What is the units digit of a?
1
Suppose -36 = -3*h + 3*j, -5*j - 12 = -2*j. What is the units digit of h?
8
Suppose -17*d + 17105 - 3913 = 0. What is the units digit of d?
6
Suppose 5*z + 4*n + 34 + 20 = 0, -4*n + 6 = -z. Let l be z/3*(-135)/75. Suppose -3*k + l*k = -9, t - 72 = k. What is the units digit of t?
9
Suppose 71*h = 111*h - 193040. What is the tens digit of h?
2
Let u(d) = -4*d + 2*d**2 + 3 + d + d**2. Let k be (-2 + 2 - -2) + -5. What is the units digit of u(k)?
9
Let g(k) = -k**2 - 23*k - 17. Suppose -8*o - 104 = -8. What is the tens digit of g(o)?
1
Suppose 0 = -10*q + 541 - 21. What is the tens digit of 78/q*196/6?
4
Suppose -3*f + 6 = 0, -5*f + 2284 = 5*y - 566. What is the hundreds digit of y?
5
Let r = -220 + 1304. What is the hundreds digit of r?
0
Let c = -9 - -11. What is the units digit of -5 - (-5 - c) - -1*67?
9
Let g = -82 - -60. What is the tens digit of 49 + (g/6 + 4)*12?
5
What is the tens digit of (-3 + 0)*(-14846)/78?
7
Suppose -2800 = -5*w + 2*x, -4*x = -14*w + 12*w + 1136. What is the units digit of w?
8
Suppose -p + 5 = 4*k - 3, 4 = -k. Let j(y) = y**2 - 17*y - 9. What is the units digit of j(p)?
9
Let k be (-676)/(-10) + 10/25. Suppose y = 5*y - k. What is the units digit of y?
7
Let z(v) = v**2 - 6*v - 2. Let r be z(8). Let q = r - -38. What is the units digit of q?
2
What is the units digit of (-2 - 120)*((-39)/6)/13?
1
Suppose -15*u = -5*b - 19*u + 5276, -b + 1057 = -u. What is the hundreds digit of b?
0
Let s(z) = 2*z + 86. Let l(p) = p + 43. Let b(a) = -5*l(a) + 2*s(a). Let d be b(0). Let k = 67 + d. What is the units digit of k?
4
Suppose -2*r + q + 6 = 0, -r + q + 3*q = -10. Suppose -2*f + 5*p = -0 + 4, r*p - 13 = -3*f. Let m = 9 - f. What is the u